 b - 22. Give d(15).
-7
Let m(g) = 9*g**2 - g + 1. Give m(1).
9
Let g(q) = q**3 + 12*q**2 - 6*q + 4. Give g(-12).
76
Let i(d) = d**2 + 8*d - 8. Determine i(-9).
1
Let t(y) = y**3 + 3*y**2 + y - 4. Determine t(3).
53
Let a(u) = u**2 - 7*u - 53. Calculate a(12).
7
Let o(z) = z - 2. What is o(-8)?
-10
Let q(x) = -x - 68. What is q(-55)?
-13
Let c(a) = 2*a**3 - 21*a**2 + 9*a + 1. Give c(10).
-9
Let y(f) = f + 4. What is y(0)?
4
Let w(b) = -12*b - 161. Determine w(-13).
-5
Let y(v) = 4*v**2 - 10*v + 9. Give y(5).
59
Let j(k) = -26*k - 138. What is j(-6)?
18
Let c(h) = -8*h - 414. What is c(-51)?
-6
Let z(l) = -14*l**2 + 87*l - 16. Give z(6).
2
Let u(d) = -13*d - 1. Calculate u(1).
-14
Let n(r) = -r**2 - 2*r + 2. What is n(8)?
-78
Let w(n) = 10*n + 2. Give w(3).
32
Let l(p) = 2*p + 4. What is l(-4)?
-4
Let p(i) = -i**3 + 14*i**2 + 17*i + 7. Calculate p(15).
37
Let o(b) = b**3 - 5*b**2 - 10*b + 17. What is o(7)?
45
Let f(b) = 15*b**2 - 270*b + 1. Calculate f(18).
1
Let j(h) = -h**2 + 12*h + 3. Calculate j(11).
14
Let m(b) = 9*b - 20. What is m(-5)?
-65
Let n(s) = s + 12. What is n(-5)?
7
Let j(w) = -w**2 - 10*w + 27. Calculate j(-12).
3
Let y(j) = -j**3 - j**2 + 11*j - 2. Determine y(3).
-5
Let h(q) = -q**3 + 17*q**2 + 36*q + 44. Calculate h(19).
6
Let w(a) = a**2 + 7*a - 9. Determine w(4).
35
Let h(n) = n**3 + 14*n**2 + 15*n + 19. Give h(-13).
-7
Let a(q) = q**2 + 5*q - 36. What is a(-9)?
0
Let x(y) = y**3 - 2*y**2 - 4. Determine x(0).
-4
Let b(h) = h**3 + 6*h**2 + 3*h - 9. Determine b(-5).
1
Let r(d) = -11*d + 8. Calculate r(9).
-91
Let m(s) = -s**2 + 11*s + 1. Determine m(10).
11
Let v(b) = 2*b + 33. What is v(12)?
57
Let a(q) = 4*q**2 - 16*q + 7. Give a(6).
55
Let r(v) = -8*v**3 - v**2 + 2*v - 2. Determine r(1).
-9
Let o(u) = -2*u**3 - 15*u**2 - 8*u - 1. Give o(-7).
6
Let x(v) = v**3 + 13*v**2 + 11*v - 24. Calculate x(-12).
-12
Let t(z) = -57*z**2 + 2. Calculate t(-1).
-55
Let o(k) = k**3 - 6*k**2 - 4*k + 15. Calculate o(6).
-9
Let c(v) = 68*v**2 - 2*v - 1. What is c(-1)?
69
Let n(j) = -2*j**3 - 11*j**2 - 10*j - 25. Determine n(-5).
0
Let m(z) = 6*z + 112. Determine m(0).
112
Let u(n) = n**3 - 8*n**2 + 3*n + 1. Give u(6).
-53
Let s(n) = -n - 3. Determine s(-7).
4
Let l(d) = 3*d + 49. What is l(-15)?
4
Let c(f) = f - 22. What is c(23)?
1
Let t(m) = -m**2 - 13*m - 30. What is t(-10)?
0
Let o(m) = 12*m + 90. Give o(-8).
-6
Let f(i) = i**3 - 8*i**2 - 2*i + 11. Determine f(8).
-5
Let i(v) = -v**2 + 8*v + 15. What is i(10)?
-5
Let s(x) = -x + 20. Give s(-9).
29
Let h(w) = -w**2 - 13*w + 38. Determine h(-14).
24
Let u(n) = -n**3 - 7*n**2 + 22*n + 21. Calculate u(-10).
101
Let q(k) = k - 49. Determine q(20).
-29
Let o(b) = 14*b - 2. Give o(1).
12
Let t(m) = -4*m + 45. What is t(5)?
25
Let m(f) = f**3 - 13*f**2 + 2*f - 22. Give m(13).
4
Let j(w) = 119*w**3 + w - 1. What is j(1)?
119
Let v(s) = -2*s + 33. What is v(14)?
5
Let s(i) = -i**2 + 66*i - 465. Determine s(58).
-1
Let m(b) = 2*b**3 - 2*b**2. Calculate m(2).
8
Let g(i) = i**3 + 8*i**2 + 9*i + 8. What is g(-7)?
-6
Let c(g) = -2*g + 29. Give c(17).
-5
Let v(w) = 9*w + 5. What is v(4)?
41
Let w(p) = 6*p + 66. What is w(-9)?
12
Let g(r) = r + 7. Determine g(-12).
-5
Let r(z) = -z**2 + 15*z - 36. What is r(12)?
0
Let n(h) = h - 1. Determine n(-9).
-10
Let u(d) = -d**3 + 6*d**2 - 5*d - 7. Calculate u(5).
-7
Let v(b) = 11*b + 17. What is v(-2)?
-5
Let x(g) = g**3 - 10*g**2 - 2*g - 32. Give x(10).
-52
Let p(v) = -v**2 + 21*v - 61. Calculate p(18).
-7
Let l(a) = -a**2 + 5*a + 10. What is l(8)?
-14
Let m(t) = -12*t - 198. Determine m(-16).
-6
Let j(h) = 6*h**3 - h - 1. Give j(-1).
-6
Let h(z) = 6*z**2 - z - 1. What is h(-1)?
6
Let g(n) = -2*n**2 + 12*n - 4. Give g(6).
-4
Let x(v) = 5*v + 3. Give x(-1).
-2
Let g(r) = r**3 + 2*r**2 - r + 80. Calculate g(0).
80
Let j(x) = -26*x**3 - 2*x**2 + 2*x + 3. What is j(-1)?
25
Let p(o) = -o - 18. Give p(-16).
-2
Let m(g) = -8*g - 49. Determine m(-7).
7
Let q(i) = i**3 - 36*i**2 - 39*i + 83. Calculate q(37).
9
Let c(h) = 4*h + 9. What is c(1)?
13
Let q(m) = m + 16. Give q(-9).
7
Let g(i) = i**2 - 4*i - 11. Give g(5).
-6
Let h(b) = -13*b + 7. Give h(6).
-71
Let v(d) = d**2 - 10*d + 26. What is v(7)?
5
Let a(j) = -j**3 + 7*j**2 - 18*j + 10. Give a(4).
-14
Let p(r) = r**2 + 12*r + 14. What is p(-11)?
3
Let r(f) = -f**3 - 10*f**2 + 13. Give r(-10).
13
Let j(q) = -6*q + 49. Give j(9).
-5
Let r(w) = -w**3 - 4*w**2 + 9*w - 15. What is r(-6)?
3
Let m(d) = -2*d**3 + 8*d**2 + 10*d + 12. Give m(5).
12
Let m(u) = -158*u + 1584. What is m(10)?
4
Let n(f) = -2*f**3 - 7*f**2 - 7*f - 33. Determine n(-5).
77
Let j(u) = -3*u**2 - 4*u - 9. Determine j(-2).
-13
Let t(v) = 64*v**2 - 4*v + 4. Determine t(1).
64
Let p(f) = f**3 + 5*f**2 - 10*f + 1. Calculate p(-6).
25
Let b(x) = -3*x**3 - 8*x**2 + 4*x - 3. Determine b(-4).
45
Let g(o) = 2*o**2 - 12*o + 29. Determine g(11).
139
Let u(b) = -b**2 + 14*b - 17. What is u(12)?
7
Let o(k) = 35*k + 54. What is o(-2)?
-16
Let p(r) = r - 10. Give p(11).
1
Let y(l) = 9*l - 2. Give y(4).
34
Let t(a) = -3*a + 13. Give t(6).
-5
Let b(j) = -3*j**2 + 12*j + 2. Give b(4).
2
Let l(h) = -h**3 - 11*h**2 - 9*h - 15. Determine l(-10).
-25
Let s(v) = 8*v + 224. What is s(-28)?
0
Let f(o) = o - 25. Give f(19).
-6
Let b(m) = 2*m + 20. Give b(-13).
-6
Let w(o) = -52*o - 2. Determine w(2).
-106
Let x(l) = 3*l - 33. Give x(12).
3
Let n(i) = i**3 - 15*i**2 + 13*i + 20. Determine n(14).
6
Let m(w) = -2*w - 30. Calculate m(-15).
0
Let i(n) = -11*n + 51. Give i(4).
7
Let p(r) = -r**3 - 7*r**2 - 8*r - 30. Give p(-6).
-18
Let r(o) = -32*o**2 - 25*o - 23. Calculate r(-1).
-30
Let x(q) = q**3 - 6*q**2 + 5*q - 1. Give x(5).
-1
Let a(y) = y - 26. What is a(11)?
-15
Let u(f) = 9*f - 347. What is u(39)?
4
Let d(b) = -b**2 + 3*b - 20. Calculate d(7).
-48
Let g(u) = -4*u - 8. Determine g(7).
-36
Let k(p) = -3*p - 7. Determine k(-3).
2
Let i(b) = -10*b - 194. Calculate i(-20).
6
Let f(j) = j**3 + 21*j**2 + 9*j - 15. What is f(-21)?
-204
Let h(k) = k**3 - 12*k**2 + 21*k - 8. Calculate h(10).
2
Let b(h) = -37*h**2 + 3*h + 4. What is b(-2)?
-150
Let m(a) = a + 7. What is m(-8)?
-1
Let w(h) = 3*h + 14. Determine w(-6).
-4
Let l(v) = -5*v**3 + v**2 + v + 3. Calculate l(-2).
45
Let m(p) = -22*p + 2. Calculate m(1).
-20
Let q(o) = o**2 - 7*o - 7. What is q(9)?
11
Let f(b) = -3*b**2 - 28*b - 20. Determine f(-9).
-11
Let q(a) = 8*a + 48. Determine q(-4).
16
Let f(y) = -3*y**2 + 7*y + 32. Determine f(7).
-66
Let k(m) = m**2 - 17*m + 83. Determine k(13).
31
Let f(p) = p**2 + 10*p + 13. Determine f(-9).
4
Let t(v) = 5*v - 62. Calculate t(10).
-12
Let z(v) = 2*v + 75. Give z(0).
75
Let i(y) = -y**3 + 5*y**2 + 16*y + 12. What is i(6)?
72
Let j(x) = x**3 + 8*x**2 + 9*x + 5. Give j(-6).
23
Let f(a) = -a**3 + 7*a**2 - 2*a + 5. Give f(7).
-9
Let l(j) = -j + 3. What is l(3)?
0
Let f(b) = b**3 + 28*b**2 + 22*b - 120. Determine f(-27).
15
Let j(d) = 2*d**3 - 5*d**2 - 13*d + 18. Calculate j(3).
-12
Let w(k) = 67*k**3 + k**2 + 3*k + 2. Determine w(-1).
-67
Let s(i) = -i**2 - i + 30. Determine s(-6).
0
Let n(b) = -3*b + 5. What is n(-7)?
26
Let q(o) = -2*o**2 - 10*o - 7. What is q(-6)?
-19
Let h(l) = -l**3 - 12*l**2 + 7*l - 30. Give h(-13).
48
Let g(n) = n**3 + 8*n**2 + 9*n + 15. What is g(-7)?
1
Let l(c) = 4*c - 27. Give l(9).
9
Let a(w) = w**3 + 17*w**2 + 15*w - 14. Determine a(-16).
2
Let u(v) = 5*v + 19. What is u(-9)?
-26
Let w(b) = 23*b + 151. Give w(-8).
-33
Let d(z) = z**3 - 6*z**2 + 3*z - 1. What is d(4)?
-21
Let z(g) = 3*g**2 - 35*g + 15. Calculate z(11).
-7
Let n(u) = u**2 - 58*u - 46. Calculate n(59).
13
Let x(s) = 19*s**2 - 1. What is x(-1)?
18
Let h(l) = 3*l + 26. What is h(0)?
26
Let l(c) = c**2 + 12*c - 13. Give l(-14).
15
Let y(w) = 15*w**2 - 2*w - 3. Calculate y(-2).
61
Let n(x) = x**2 + 8*x + 13. Determine n(-7).
6
Let d(s) = -s**3 + s**2 - 11. Give d(-2).
1
Let c(p) = -p**3 + 2*p**2 + 6*p - 1. Determine c(4).
-9
Let v(d) = 2*d**2 + 22*d + 17. Calculate v(-8).
-31
Let s(y) = 4*y + 9. Determine s(17).
77
Let o(m) = -m**2 + m - 2. Give o(-3).
-14
Let t(l) = 10*l - 13. Calculate t(4).
27
Let q(z) = -z**2 - 9*z + 8. Give q(-9).
8
Let i(p) = p**2 + 9*p + 9. What is i(-10)?
19
Let f(j) = j**2 + 20*j + 55. What is f(-19)?
36
Let z(i) = 42*i - 115. Calculate z(2).
-31
Let v(s) = 2*s**2 + 42*s -